
8
Let g = 1 + 2. Suppose -g*i = -5*i - 10. Let o be -4*(65/4)/i. Calculate the greatest common factor of o and 143.
13
Suppose 20 = -5*w, -3*m - 4*w + w + 45 = 0. Suppose 0 = 3*z + m - 103. What is the greatest common divisor of 70 and z?
14
Suppose 0 = -4*v + 9 + 47. Calculate the greatest common divisor of v and 112.
14
Let c = 18 - -24. Suppose -2*x + c = 3*n, -5*n - 4*x + 13 = -57. Calculate the greatest common factor of 126 and n.
14
Suppose -3*o - 693 = 2*h, h = -o - 4*o - 343. Let u be h/(-18)*3/2. What is the greatest common factor of 29 and u?
29
Let a(l) = l + 27. Let m be a(-8). What is the highest common divisor of 38 and m?
19
Suppose 0*i + 554 = 2*i + 4*z, -2*z + 552 = 2*i. What is the greatest common divisor of 55 and i?
55
Let n(j) = -169*j**3 + 4*j + 3. Let s be n(-1). Calculate the greatest common factor of 21 and s.
21
Let s(z) = 5*z + 0*z - 2 - z**2 - z + 2*z. Let h be s(6). Let v be (-16)/h*44/8. What is the highest common factor of v and 4?
4
Let j(h) = 29*h**3 - 1. Let a be j(1). Let g be (a/(-6))/(2/(-3)). What is the highest common divisor of 7 and g?
7
Let f = 7 - 4. Let r be 77*(1*-4 + f). Let t = -38 - r. What is the highest common divisor of 13 and t?
13
Suppose 5*q - 3*q - 252 = 0. Suppose -3*l = -8*f + 4*f + 41, -4*f = -l - 51. What is the greatest common factor of q and f?
14
Let b be (5*1)/(12/156). What is the greatest common factor of 26 and b?
13
Let o be (-3)/5 - (-1272)/20. What is the greatest common divisor of 21 and o?
21
Suppose c = -3*c. Suppose k + 2*t = -c*t + 44, -15 = 3*t. Let m(l) = 8*l**2 + 1. Let z be m(1). What is the highest common divisor of k and z?
9
Suppose 0 = -2*x + 5*q + 38, 6*q + 44 = 2*x + 4*q. What is the greatest common divisor of x and 192?
24
Let j be (-1955)/(-25) - (-1)/(-5). What is the greatest common factor of j and 52?
26
Let p = -2 - -5. Let m(n) = 8*n + 3. Let w be m(3). What is the highest common divisor of w and p?
3
Suppose 9 = 2*k - 71. Calculate the highest common factor of 60 and k.
20
Let b = 58 - -50. What is the highest common factor of b and 12?
12
Let t = 279 - 114. Calculate the highest common factor of 15 and t.
15
Let w = 0 - -2. Suppose w*u + 2*u = 48. Calculate the greatest common factor of u and 96.
12
Let t(y) = 2*y**2 - 2*y + 6. Let v be t(0). Suppose -35 = -l - 2*q - 13, -3 = l - 3*q. Calculate the highest common divisor of v and l.
6
Suppose 0 = -y + 5*y - 52. Let a = -46 + y. Let m be (-3)/((-1)/(a/(-1))). What is the highest common divisor of 9 and m?
9
Let s(k) = 2*k**2 + 4*k - 6. Let f be s(5). Suppose -5*z = -4*z - f. What is the greatest common divisor of 8 and z?
8
Let r = 23 - 21. Suppose -r*k - 3 + 11 = 0. Calculate the highest common divisor of k and 2.
2
Let l be (5/10)/(2/36). Suppose -5*p - 27 = -297. Calculate the highest common factor of p and l.
9
Let q be ((-90)/(-8))/((-3)/(-8)). What is the highest common divisor of q and 15?
15
Suppose -2*o + 12 = -2. Let k(p) = 3*p**2 + 3*p + 3. Let u be 2*1 + (0 - -2). Let c be k(u). Calculate the highest common divisor of c and o.
7
Let g be 1/(-10) + ((-2662)/(-20) - -10). Let y(s) = -6*s + 1. Let n be y(-2). Calculate the highest common factor of n and g.
13
Suppose 0 = -4*x - 135 + 423. What is the greatest common divisor of x and 48?
24
Let x(z) = -z + 3. Let q be x(8). Let c = q + 9. Let s(t) = -6*t - 4. Let l be s(-6). Calculate the greatest common divisor of c and l.
4
Let b(w) = -w + 12. Let v be b(6). What is the greatest common divisor of v and 3?
3
Let x be (4/3)/(4/(-414)). Let o be (12/(-9))/((-4)/702). Let c = o + x. What is the greatest common divisor of c and 12?
12
Let i(x) = 8*x. Let c be i(10). What is the highest common divisor of c and 10?
10
Suppose 2 - 12 = -5*u. Suppose u*s - 62 = 66. What is the greatest common divisor of 16 and s?
16
Suppose 14 + 1 = 5*j. Suppose -j*t + 12 = -t. Calculate the highest common divisor of 9 and t.
3
Let s(l) = l + 8. Let v be s(0). Let t be 4/(-6) + 207/27. Suppose -216 = -t*b + 4*b. Calculate the greatest common factor of v and b.
8
Suppose -7*r + 11*r - 320 = 0. What is the greatest common divisor of 32 and r?
16
Let r = -20 - -35. Calculate the highest common factor of r and 15.
15
Let t be (-3)/6 + (-69)/6. Let r be ((-22)/33)/(2/t). Let v be 1/r - (-273)/28. What is the highest common factor of v and 30?
10
Let n = 24 - 10. Let d = n - -8. Let m be ((-22)/(-4))/(1/2). Calculate the greatest common divisor of d and m.
11
Suppose -5*o + 20 = 5*m + 5, -m - 3*o + 5 = 0. Let u = m - -3. What is the greatest common divisor of 40 and u?
5
Let i(t) = 2*t**2 + 28*t - 18. Let u be i(-17). Calculate the greatest common divisor of 6 and u.
6
Let z(j) = -35*j - 10. Let g be 162/(-21) - 2/7. Let d be z(g). What is the greatest common factor of d and 30?
30
Let l be (-1)/3*(2 + -113). Let p be (-1)/((-3)/(-6)) + l. What is the greatest common divisor of p and 7?
7
Suppose 4*l - 11 = 5. Suppose -q - 112 + 15 = -3*t, -3*t - 4*q = -92. What is the greatest common divisor of l and t?
4
Let f(y) = y**3 + 7*y**2 - 7*y - 13. Let c be f(-7). What is the greatest common divisor of c and 18?
18
Suppose -c - 3*c + 8 = 0. Let b be (1 - 1) + c + -1. Let j be (20/(-6))/(b/(-18)). What is the greatest common factor of 12 and j?
12
Let y be (3 - 3)/(1*2). Let d = 0 + y. Suppose d = -b - 0*b - 4, 3*b - 4 = -4*t. What is the greatest common factor of t and 28?
4
Suppose 0*h - h = -5. Suppose h*o + 2*s = o + 62, -4*o = -4*s - 32. Let t(j) = 5*j**3 - 1. Let b be t(2). Calculate the highest common divisor of b and o.
13
Let o = -174 + 399. Calculate the highest common factor of 25 and o.
25
Let b(m) = 34*m**2 - 2. Let d be b(1). What is the greatest common factor of 16 and d?
16
Let v be (-4)/(-6) + 48/9. Suppose -23*f + 25*f = 36. Calculate the highest common divisor of f and v.
6
Suppose 5*a - 43 = 7. Let r = 1 + 1. Suppose -k - 2*q + 82 = 0, q + 77 = k - r*q. Calculate the highest common divisor of a and k.
10
Let s = 28 - 7. Let t(b) = -186*b + 3. Let d be t(-1). What is the greatest common factor of d and s?
21
Let v = -5 + 6. Suppose 5*y = -2*d + 7, -3*y + 4*y + v = -d. Suppose a = -y*a + 256. What is the highest common factor of a and 8?
8
Suppose -i - 3*o = 2, 5*i - 14 - 16 = -5*o. Calculate the greatest common factor of i and 110.
10
Suppose -k - s = -6*k - 7, k - 2*s - 4 = 0. Let r(b) = -9*b - 3. Let g be r(k). Calculate the highest common divisor of g and 15.
15
Let m(z) = z**2 - 13*z + 15. Let l be m(13). Let n = 19 - l. Calculate the highest common divisor of n and 1.
1
Let s(b) = b - 1. Let t be s(4). Calculate the highest common divisor of t and 4.
1
Suppose 17 = 5*i - 8. Suppose i*n - 16 = 24. Calculate the highest common factor of 32 and n.
8
Suppose 3*g = -0*g + 2*r + 188, -2*g + 124 = -r. Calculate the greatest common factor of g and 45.
15
Let y(t) = 6*t - 20. Let i be y(9). Calculate the greatest common factor of 68 and i.
34
Let g = -2 + 2. Suppose g = -0*t + t - u - 10, 0 = 2*u + 2. What is the highest common divisor of 90 and t?
9
Let r be (-1*4 + 3)/1. Let w be (r + 2 + -5)*-1. Suppose 5*i - 180 = -5*s, 6*s - w*s - i = 72. Calculate the greatest common factor of 18 and s.
18
Let x(j) = j**3 + j**2 - j + 36. Let m be x(0). Let g be (4/((-16)/m))/(-1). Calculate the greatest common factor of 36 and g.
9
Let k(b) = b**2 + 6*b + 2. Let s be k(-6). Suppose 3 + 19 = s*u. What is the greatest common factor of u and 88?
11
Suppose 0*t - 3*t = 2*b - 71, -4*b = -5*t + 111. Suppose 2*r + t = 193. What is the highest common factor of 34 and r?
17
Suppose 4*v - v = 162. Let b(x) = -x + 4. Let f be b(2). Suppose 4*u + 14 = f*r, -r = r + 4*u - v. Calculate the highest common divisor of 17 and r.
17
Let f = 6 + 9. What is the highest common divisor of 15 and f?
15
Let i be 4/1 + 0 + 0. Let j = 2 + i. Calculate the greatest common factor of j and 4.
2
Suppose 2*f - 450 = -4*f. What is the highest common factor of 50 and f?
25
Let m(j) = -j**3 - 3*j**2 - 3*j + 8. Let z be m(-4). What is the highest common divisor of 18 and z?
18
Let d(k) = -9*k**2 + 2*k - 27. Let s(p) = 5*p**2 - p + 14. Let v(n) = -4*d(n) - 7*s(n). Let m be v(0). What is the highest common factor of m and 90?
10
Suppose 3*w + w = 0. Suppose 3*u + w*u - 3*l = 93, -2*u + 56 = -5*l. What is the